{"id":211,"date":"2025-09-04T13:04:02","date_gmt":"2025-09-04T13:04:02","guid":{"rendered":"https:\/\/altura.haudrey.link\/coach\/?page_id=211"},"modified":"2026-02-16T13:58:12","modified_gmt":"2026-02-16T13:58:12","slug":"service-2","status":"publish","type":"page","link":"https:\/\/altura.haudrey.link\/coach\/services\/service-2\/","title":{"rendered":"Service 2"},"content":{"rendered":"<div class=\"et_pb_section_0 et_pb_section et_section_regular et_block_section\" id=\"2\">\n<div class=\"et_pb_row_0 et_pb_row et_flex_row\">\n<div class=\"et_pb_column_0 et_pb_column et-last-child et_flex_column et_pb_css_mix_blend_mode_passthrough et_flex_column_24_24 et_flex_column_24_24_tablet et_flex_column_24_24_phone\">\n<div class=\"et_pb_heading_0 et_pb_heading et_pb_module et_block_module preset--module--divi-heading--default\"><div class=\"et_pb_heading_container\"><h1 class=\"et_pb_module_header\">Coaching 90 jours<\/h1><\/div><\/div>\n\n<div class=\"et_pb_text_0 et_pb_text et_pb_bg_layout_light et_pb_module et_block_module preset--module--divi-text--default\"><div class=\"et_pb_text_inner\"><p data-start=\"161\" data-end=\"239\">Un cadre clair pour ancrer des habitudes et atteindre vos objectifs.<br \/>On avance en sprints : je vous aide \u00e0 d\u00e9cider, ex\u00e9cuter, et tenir le cap pendant 3 mois.<\/p>\n<\/div><\/div>\n<\/div>\n<\/div>\n\n<div class=\"et_pb_row_1 et_pb_row et_flex_row\">\n<div class=\"et_pb_column_1 et_pb_column et_flex_column et_pb_css_mix_blend_mode_passthrough et_flex_column_12_24 et_flex_column_12_24_tablet et_flex_column_24_24_phone\">\n<div class=\"et_pb_blurb_0 et_pb_blurb et_pb_bg_layout_light et_pb_text_align_left et_pb_blurb_position_left et_pb_module et_block_module preset--module--divi-blurb--ek4x12jlj0\"><div class=\"et_pb_blurb_content\"><div class=\"et_pb_main_blurb_image\"><span class=\"et_pb_image_wrap\"><span class=\"et-pb-icon et-waypoint et_pb_animation_top et_pb_animation_top_tablet et_pb_animation_top_phone\">\uf133<\/span><\/span><\/div><div class=\"et_pb_blurb_container\"><h3 class=\"et_pb_module_header\">Format<\/h3><div class=\"et_pb_blurb_description\"><ul>\n<li data-start=\"2983\" data-end=\"3032\">\n<p data-start=\"2985\" data-end=\"3032\">6 \u00e0 12 sessions (hebdo ou bimensuel, 60 min).<\/p>\n<\/li>\n<li data-start=\"3033\" data-end=\"3087\">\n<p data-start=\"3035\" data-end=\"3087\">Plan 90 jours personnalis\u00e9 (Notion\/Drive partag\u00e9).<\/p>\n<\/li>\n<li data-start=\"3088\" data-end=\"3143\">\n<p data-start=\"3090\" data-end=\"3143\">Check-ins asynchrones entre s\u00e9ances (email\/Notion).<\/p>\n<\/li>\n<li data-start=\"3144\" data-end=\"3193\">\n<p data-start=\"3146\" data-end=\"3193\">Templates : agenda d\u2019actions, KPI, r\u00e9cap hebdo.<\/p>\n<\/li>\n<\/ul>\n<\/div><\/div><\/div><\/div>\n<\/div>\n\n<div class=\"et_pb_column_2 et_pb_column et_flex_column et_pb_css_mix_blend_mode_passthrough et_flex_column_12_24 et_flex_column_12_24_tablet et_flex_column_24_24_phone\">\n<div class=\"et_pb_blurb_1 et_pb_blurb et_pb_bg_layout_light et_pb_text_align_left et_pb_blurb_position_left et_pb_module et_block_module preset--module--divi-blurb--ek4x12jlj0\"><div class=\"et_pb_blurb_content\"><div class=\"et_pb_main_blurb_image\"><span class=\"et_pb_image_wrap\"><span class=\"et-pb-icon et-waypoint et_pb_animation_top et_pb_animation_top_tablet et_pb_animation_top_phone\">\uf0e7<\/span><\/span><\/div><div class=\"et_pb_blurb_container\"><h3 class=\"et_pb_module_header\">R\u00e9sultats attendus<\/h3><div class=\"et_pb_blurb_description\"><ul>\n<li data-start=\"3428\" data-end=\"3476\">Une <strong data-start=\"3432\" data-end=\"3449\">offre lisible<\/strong> et un <strong data-start=\"3456\" data-end=\"3473\">message clair<\/strong>.<\/li>\n<li data-start=\"3479\" data-end=\"3539\">Un <strong data-start=\"3482\" data-end=\"3506\">rythme de production<\/strong> (contenus\/commercial) tenable.<\/li>\n<li data-start=\"3542\" data-end=\"3588\">Des <strong data-start=\"3546\" data-end=\"3560\">KPI suivis<\/strong> et des rituels qui restent.<\/li>\n<\/ul>\n<\/div><\/div><\/div><\/div>\n<\/div>\n\n<div class=\"et_pb_column_3 et_pb_column et_flex_column et_pb_css_mix_blend_mode_passthrough et_flex_column_12_24 et_flex_column_12_24_tablet et_flex_column_24_24_phone\">\n<div class=\"et_pb_blurb_2 et_pb_blurb et_pb_bg_layout_light et_pb_text_align_left et_pb_blurb_position_left et_pb_module et_block_module preset--module--divi-blurb--ek4x12jlj0\"><div class=\"et_pb_blurb_content\"><div class=\"et_pb_main_blurb_image\"><span class=\"et_pb_image_wrap\"><span class=\"et-pb-icon et-waypoint et_pb_animation_top et_pb_animation_top_tablet et_pb_animation_top_phone\">\uf058<\/span><\/span><\/div><div class=\"et_pb_blurb_container\"><h3 class=\"et_pb_module_header\">Ce qui est inclu<\/h3><div class=\"et_pb_blurb_description\"><ul>\n<li data-start=\"3221\" data-end=\"3265\">Onboarding (diagnostic + objectifs SMART).<\/li>\n<li data-start=\"3268\" data-end=\"3297\">Roadmap 90 jours et jalons.<\/li>\n<li data-start=\"3300\" data-end=\"3354\">Support entre s\u00e9ances (r\u00e9ponse sous 24\u201348h ouvr\u00e9es).<\/li>\n<li data-start=\"3357\" data-end=\"3399\">Bilan final + plan de maintien (30 jours).<\/li>\n<\/ul>\n<\/div><\/div><\/div><\/div>\n<\/div>\n\n<div class=\"et_pb_column_4 et_pb_column et-last-child et_flex_column et_pb_css_mix_blend_mode_passthrough et_flex_column_12_24 et_flex_column_12_24_tablet et_flex_column_24_24_phone\">\n<div class=\"et_pb_blurb_3 et_pb_blurb et_pb_bg_layout_light et_pb_text_align_left et_pb_blurb_position_left et_pb_module et_block_module preset--module--divi-blurb--ek4x12jlj0\"><div class=\"et_pb_blurb_content\"><div class=\"et_pb_main_blurb_image\"><span class=\"et_pb_image_wrap\"><span class=\"et-pb-icon et-waypoint et_pb_animation_top et_pb_animation_top_tablet et_pb_animation_top_phone\">\uf128<\/span><\/span><\/div><div class=\"et_pb_blurb_container\"><h3 class=\"et_pb_module_header\">FAQ<\/h3><div class=\"et_pb_blurb_description\"><ul>\n<li data-start=\"3794\" data-end=\"3872\"><em data-start=\"3794\" data-end=\"3819\">Si je rate une s\u00e9ance ?<\/em> On replanifie sous r\u00e9serve de dispo (pr\u00e9avis 24h).<\/li>\n<li data-start=\"3794\" data-end=\"3872\"><em data-start=\"3875\" data-end=\"3896\">Entre les s\u00e9ances ?<\/em> Support asynchrone inclus (canal d\u00e9fini \u00e0 l\u2019onboarding).<\/li>\n<li data-start=\"3958\" data-end=\"4016\"><em data-start=\"3958\" data-end=\"3971\">Je d\u00e9bute ?<\/em> Oui, on adapte l\u2019intensit\u00e9 et les priorit\u00e9s.<\/li>\n<\/ul>\n<\/div><\/div><\/div><\/div>\n<\/div>\n<\/div>\n\n<div class=\"et_pb_row_2 et_pb_row et_flex_row\">\n<div class=\"et_pb_column_5 et_pb_column et-last-child et_flex_column et_pb_css_mix_blend_mode_passthrough et_flex_column_24_24 et_flex_column_24_24_tablet et_flex_column_24_24_phone\">\n<div class=\"et_pb_heading_1 et_pb_heading et_pb_module et_block_module preset--module--divi-heading--cm75pii9nj\"><div class=\"et_pb_heading_container\"><h3 class=\"et_pb_module_header\">\u00c0 partir de XX\u20ac<\/h3><\/div><\/div>\n\n<div class=\"et_pb_text_1 et_pb_text et_pb_bg_layout_light et_pb_module et_block_module preset--module--divi-text--default\"><div class=\"et_pb_text_inner\"><p>(paiement en 1, 2 ou 3 fois)<\/p>\n<\/div><\/div>\n\n<div class=\"et_pb_module et_pb_button_module_wrapper et_pb_button_0_wrapper preset--module--divi-button--default_wrapper\"><a class=\"et_pb_button_0 et_pb_button et_pb_bg_layout_light et_pb_module et_block_module preset--module--divi-button--default\" href=\"https:\/\/altura.haudrey.link\/coach\/contact\/\">D\u00e9couvrir le programme<\/a><\/div>\n<\/div>\n<\/div>\n<\/div>\n\n<div class=\"et_pb_section_1 et_pb_section et_section_regular et_flex_section\"><div class=\"et_pb_row_3 et_pb_row et_flex_row\"><div class=\"et_pb_column_6 et_pb_column et-last-child et_flex_column et_pb_css_mix_blend_mode_passthrough et_flex_column_24_24 et_flex_column_24_24_tablet et_flex_column_24_24_phone\"><div class=\"et_pb_heading_2 et_pb_heading et_pb_module et_flex_module preset--module--divi-heading--default\"><div class=\"et_pb_heading_container\"><h2 class=\"et_pb_module_header\">Ce que disent mes coach\u00e9s<\/h2><\/div><\/div><\/div><\/div><div class=\"et_pb_row_4 et_pb_row et_flex_row\"><div class=\"et_pb_column_7 et_pb_column et_flex_column et_pb_css_mix_blend_mode_passthrough et_flex_column_24_24 et_flex_column_24_24_tablet et_flex_column_24_24_phone\"><div class=\"et_pb_testimonial_0 et_pb_testimonial et_pb_icon_off et_pb_testimonial_no_image et_pb_bg_layout_light et_pb_module et_flex_module preset--module--divi-testimonial--default\"><div class=\"et_pb_testimonial_inner\"><div class=\"et_pb_testimonial_description et_flex_module\"><div class=\"et_pb_testimonial_description_inner\"><div class=\"et_pb_testimonial_content\"><p>En seulement 6 semaines, j\u2019ai retrouv\u00e9 une vraie clart\u00e9 dans mes priorit\u00e9s. Mon \u00e9quipe est plus autonome et j\u2019ai enfin du temps pour pr\u00e9parer ma strat\u00e9gie.<\/p>\n<\/div><\/div><div class=\"et_pb_testimonial_author\">Sophie L.<\/div><div class=\"et_pb_testimonial_meta\"><span class=\"et_pb_testimonial_position\">Directrice commerciale<\/span><\/div><\/div><\/div><\/div><\/div><div class=\"et_pb_column_8 et_pb_column et_flex_column et_pb_css_mix_blend_mode_passthrough et_flex_column_24_24 et_flex_column_24_24_tablet et_flex_column_24_24_phone\"><div class=\"et_pb_testimonial_1 et_pb_testimonial et_pb_icon_off et_pb_testimonial_no_image et_pb_bg_layout_light et_pb_module et_flex_module preset--module--divi-testimonial--default\"><div class=\"et_pb_testimonial_inner\"><div class=\"et_pb_testimonial_description et_flex_module\"><div class=\"et_pb_testimonial_description_inner\"><div class=\"et_pb_testimonial_content\"><p>Le cadre propos\u00e9 m\u2019a aid\u00e9 \u00e0 arr\u00eater de procrastiner. J\u2019avance maintenant \u00e9tape par \u00e9tape avec confiance et j\u2019ai r\u00e9duit mon stress quotidien.<\/p>\n<\/div><\/div><div class=\"et_pb_testimonial_author\">Karim B.<\/div><div class=\"et_pb_testimonial_meta\"><span class=\"et_pb_testimonial_position\">Entrepreneur<\/span><\/div><\/div><\/div><\/div><\/div><div class=\"et_pb_column_9 et_pb_column et_flex_column et_pb_css_mix_blend_mode_passthrough et_flex_column_24_24 et_flex_column_24_24_tablet et_flex_column_24_24_phone\"><div class=\"et_pb_testimonial_2 et_pb_testimonial et_pb_icon_off et_pb_testimonial_no_image et_pb_bg_layout_light et_pb_module et_flex_module preset--module--divi-testimonial--default\"><div class=\"et_pb_testimonial_inner\"><div class=\"et_pb_testimonial_description et_flex_module\"><div class=\"et_pb_testimonial_description_inner\"><div class=\"et_pb_testimonial_content\"><p>Nos r\u00e9unions \u00e9taient devenues \u00e9puisantes. Gr\u00e2ce aux ateliers, elles sont maintenant claires, efficaces et orient\u00e9es r\u00e9sultats. On a gagn\u00e9 2h par semaine !<\/p>\n<\/div><\/div><div class=\"et_pb_testimonial_author\">Isabelle M.<\/div><div class=\"et_pb_testimonial_meta\"><span class=\"et_pb_testimonial_position\">Responsable RH<\/span><\/div><\/div><\/div><\/div><\/div><div class=\"et_pb_column_10 et_pb_column et-last-child et_flex_column et_pb_css_mix_blend_mode_passthrough et_flex_column_24_24 et_flex_column_24_24_tablet et_flex_column_24_24_phone\"><div class=\"et_pb_testimonial_3 et_pb_testimonial et_pb_icon_off et_pb_testimonial_no_image et_pb_bg_layout_light et_pb_module et_flex_module preset--module--divi-testimonial--default\"><div class=\"et_pb_testimonial_inner\"><div class=\"et_pb_testimonial_description et_flex_module\"><div class=\"et_pb_testimonial_description_inner\"><div class=\"et_pb_testimonial_content\"><p>J\u2019\u00e9tais \u00e0 deux doigts du burn-out. Le coaching m\u2019a permis de poser mes limites, clarifier mes objectifs et retrouver un vrai \u00e9quilibre pro\/perso.<\/p>\n<\/div><\/div><div class=\"et_pb_testimonial_author\">Julien R.<\/div><div class=\"et_pb_testimonial_meta\"><span class=\"et_pb_testimonial_position\">Manager IT<\/span><\/div><\/div><\/div><\/div><\/div><\/div><div class=\"et_pb_row_5 et_pb_row et_flex_row\"><div class=\"et_pb_column_11 et_pb_column et-last-child et_flex_column et_pb_css_mix_blend_mode_passthrough et_flex_column_24_24 et_flex_column_24_24_tablet et_flex_column_24_24_phone\"><div class=\"et_pb_module et_pb_button_module_wrapper et_pb_button_1_wrapper preset--module--divi-button--default_wrapper\"><a class=\"et_pb_button_1 et_pb_button et_pb_bg_layout_light et_pb_module et_flex_module preset--module--divi-button--default\" href=\"\" target=\"_blank\" data-icon=\"9\">Voir tous les avis sur Google<\/a><\/div><\/div><\/div><\/div>","protected":false},"excerpt":{"rendered":"","protected":false},"author":2,"featured_media":0,"parent":34,"menu_order":0,"comment_status":"closed","ping_status":"closed","template":"","meta":{"footnotes":""},"class_list":["post-211","page","type-page","status-publish","hentry"],"yoast_head":"<!-- This site is optimized with the Yoast SEO plugin v27.0 - https:\/\/yoast.com\/product\/yoast-seo-wordpress\/ -->\n<title>Service 2 - Mod\u00e8le Coach<\/title>\n<meta name=\"robots\" content=\"index, follow, max-snippet:-1, max-image-preview:large, max-video-preview:-1\" \/>\n<link rel=\"canonical\" href=\"https:\/\/altura.haudrey.link\/coach\/services\/service-2\/\" \/>\n<meta property=\"og:locale\" content=\"fr_FR\" \/>\n<meta property=\"og:type\" content=\"article\" \/>\n<meta property=\"og:title\" content=\"Service 2 - Mod\u00e8le Coach\" \/>\n<meta property=\"og:url\" content=\"https:\/\/altura.haudrey.link\/coach\/services\/service-2\/\" \/>\n<meta property=\"og:site_name\" content=\"Mod\u00e8le Coach\" \/>\n<meta property=\"article:modified_time\" content=\"2026-02-16T13:58:12+00:00\" \/>\n<meta name=\"twitter:card\" content=\"summary_large_image\" \/>\n<script type=\"application\/ld+json\" class=\"yoast-schema-graph\">{\"@context\":\"https:\/\/schema.org\",\"@graph\":[{\"@type\":\"WebPage\",\"@id\":\"https:\/\/altura.haudrey.link\/coach\/services\/service-2\/\",\"url\":\"https:\/\/altura.haudrey.link\/coach\/services\/service-2\/\",\"name\":\"Service 2 - Mod\u00e8le Coach\",\"isPartOf\":{\"@id\":\"https:\/\/altura.haudrey.link\/coach\/#website\"},\"datePublished\":\"2025-09-04T13:04:02+00:00\",\"dateModified\":\"2026-02-16T13:58:12+00:00\",\"breadcrumb\":{\"@id\":\"https:\/\/altura.haudrey.link\/coach\/services\/service-2\/#breadcrumb\"},\"inLanguage\":\"fr-FR\",\"potentialAction\":[{\"@type\":\"ReadAction\",\"target\":[\"https:\/\/altura.haudrey.link\/coach\/services\/service-2\/\"]}]},{\"@type\":\"BreadcrumbList\",\"@id\":\"https:\/\/altura.haudrey.link\/coach\/services\/service-2\/#breadcrumb\",\"itemListElement\":[{\"@type\":\"ListItem\",\"position\":1,\"name\":\"Accueil\",\"item\":\"https:\/\/altura.haudrey.link\/coach\/\"},{\"@type\":\"ListItem\",\"position\":2,\"name\":\"Services\",\"item\":\"https:\/\/altura.haudrey.link\/coach\/services\/\"},{\"@type\":\"ListItem\",\"position\":3,\"name\":\"Service 2\"}]},{\"@type\":\"WebSite\",\"@id\":\"https:\/\/altura.haudrey.link\/coach\/#website\",\"url\":\"https:\/\/altura.haudrey.link\/coach\/\",\"name\":\"Mod\u00e8le Coach\",\"description\":\"Un accompagnement sur mesure pour retrouver clart\u00e9 et \u00e9quilibre.\",\"potentialAction\":[{\"@type\":\"SearchAction\",\"target\":{\"@type\":\"EntryPoint\",\"urlTemplate\":\"https:\/\/altura.haudrey.link\/coach\/?s={search_term_string}\"},\"query-input\":{\"@type\":\"PropertyValueSpecification\",\"valueRequired\":true,\"valueName\":\"search_term_string\"}}],\"inLanguage\":\"fr-FR\"}]}<\/script>\n<!-- \/ Yoast SEO plugin. -->","yoast_head_json":{"title":"Service 2 - Mod\u00e8le Coach","robots":{"index":"index","follow":"follow","max-snippet":"max-snippet:-1","max-image-preview":"max-image-preview:large","max-video-preview":"max-video-preview:-1"},"canonical":"https:\/\/altura.haudrey.link\/coach\/services\/service-2\/","og_locale":"fr_FR","og_type":"article","og_title":"Service 2 - Mod\u00e8le Coach","og_url":"https:\/\/altura.haudrey.link\/coach\/services\/service-2\/","og_site_name":"Mod\u00e8le Coach","article_modified_time":"2026-02-16T13:58:12+00:00","twitter_card":"summary_large_image","schema":{"@context":"https:\/\/schema.org","@graph":[{"@type":"WebPage","@id":"https:\/\/altura.haudrey.link\/coach\/services\/service-2\/","url":"https:\/\/altura.haudrey.link\/coach\/services\/service-2\/","name":"Service 2 - Mod\u00e8le Coach","isPartOf":{"@id":"https:\/\/altura.haudrey.link\/coach\/#website"},"datePublished":"2025-09-04T13:04:02+00:00","dateModified":"2026-02-16T13:58:12+00:00","breadcrumb":{"@id":"https:\/\/altura.haudrey.link\/coach\/services\/service-2\/#breadcrumb"},"inLanguage":"fr-FR","potentialAction":[{"@type":"ReadAction","target":["https:\/\/altura.haudrey.link\/coach\/services\/service-2\/"]}]},{"@type":"BreadcrumbList","@id":"https:\/\/altura.haudrey.link\/coach\/services\/service-2\/#breadcrumb","itemListElement":[{"@type":"ListItem","position":1,"name":"Accueil","item":"https:\/\/altura.haudrey.link\/coach\/"},{"@type":"ListItem","position":2,"name":"Services","item":"https:\/\/altura.haudrey.link\/coach\/services\/"},{"@type":"ListItem","position":3,"name":"Service 2"}]},{"@type":"WebSite","@id":"https:\/\/altura.haudrey.link\/coach\/#website","url":"https:\/\/altura.haudrey.link\/coach\/","name":"Mod\u00e8le Coach","description":"Un accompagnement sur mesure pour retrouver clart\u00e9 et \u00e9quilibre.","potentialAction":[{"@type":"SearchAction","target":{"@type":"EntryPoint","urlTemplate":"https:\/\/altura.haudrey.link\/coach\/?s={search_term_string}"},"query-input":{"@type":"PropertyValueSpecification","valueRequired":true,"valueName":"search_term_string"}}],"inLanguage":"fr-FR"}]}},"_links":{"self":[{"href":"https:\/\/altura.haudrey.link\/coach\/wp-json\/wp\/v2\/pages\/211","targetHints":{"allow":["GET"]}}],"collection":[{"href":"https:\/\/altura.haudrey.link\/coach\/wp-json\/wp\/v2\/pages"}],"about":[{"href":"https:\/\/altura.haudrey.link\/coach\/wp-json\/wp\/v2\/types\/page"}],"author":[{"embeddable":true,"href":"https:\/\/altura.haudrey.link\/coach\/wp-json\/wp\/v2\/users\/2"}],"replies":[{"embeddable":true,"href":"https:\/\/altura.haudrey.link\/coach\/wp-json\/wp\/v2\/comments?post=211"}],"version-history":[{"count":7,"href":"https:\/\/altura.haudrey.link\/coach\/wp-json\/wp\/v2\/pages\/211\/revisions"}],"predecessor-version":[{"id":357,"href":"https:\/\/altura.haudrey.link\/coach\/wp-json\/wp\/v2\/pages\/211\/revisions\/357"}],"up":[{"embeddable":true,"href":"https:\/\/altura.haudrey.link\/coach\/wp-json\/wp\/v2\/pages\/34"}],"wp:attachment":[{"href":"https:\/\/altura.haudrey.link\/coach\/wp-json\/wp\/v2\/media?parent=211"}],"curies":[{"name":"wp","href":"https:\/\/api.w.org\/{rel}","templated":true}]}}